{"id":545,"date":"2019-01-06T11:00:21","date_gmt":"2019-01-06T10:00:21","guid":{"rendered":"https:\/\/mitabaro.de\/?page_id=545"},"modified":"2022-06-02T11:34:13","modified_gmt":"2022-06-02T09:34:13","slug":"dein-theater","status":"publish","type":"page","link":"https:\/\/willi-ulfig-ms.schulen.regensburg.de\/?page_id=545","title":{"rendered":"Kooperation mit dem Theater Regensburg"},"content":{"rendered":"\r\n<p>Bereits seit einigen Jahren pflegen wir eine Kooperation mit dem Theater Regensburg, indem wir unseren Sch\u00fclerinnen und Sch\u00fclern im Unterricht klassische St\u00fccke, aber auch neue moderne Interpretationen des Jungen Theaters n\u00e4herbringen und diese auch anschlie\u00dfend mit ihnen besuchen. Dabei stehen nicht nur die fachlichen Inhalte eines Theaterst\u00fcckes oder einer Oper im Vordergrund, sondern auch der kulturelle Aspekt einen Theaterbesuch selbst zu erleben.<\/p>\r\n\r\n\r\n\r\n<p>Seit 2016 haben wir zudem eine Patenschaft mit dem Jungen Theater, bei der eine Klasse unserer Schule ein Theaterst\u00fcck von der Idee, \u00fcber die Entstehung bis hin zu Premiere begleiten und mitgestalten darf. So durften in diesem Schuljahr gleich mehrere Klassen\u00a0 diese Klasse hinter die Kulissen blicken, bei Proben beiwohnen und ihre eigenen Ideen und Anregungen aktiv miteinbringen. Das St\u00fcck &#8222;All das Sch\u00f6ne&#8220;, bei dem die Klasse M8 mitwirkt, werden wir als mobile Produktion im Klassenzimmer erleben d\u00fcrfen.\u00a0 Die Klasse M7 steuerte Inspirationen f\u00fcr das St\u00fcck &#8222;Schrei es raus&#8220; bei. Das Highlight dieses Prozesses bildet der gemeinsame Besuch der Premiere der Inszenierung.<\/p>\r\n\r\n\r\n\r\n\r\n\r\n<p>Ein weiterer Bestandteil dieser Kooperation mit dem Theater Regensburg ist das Projekt \u201eDein: Theater!\u201c, bei dem wir seit 2018 mitwirken. Ziel des Projektes ist es mit jeder Klasse unserer Schule mindestens einmal pro Schuljahr eine Auff\u00fchrung im Theater zu besuchen und dieses entsprechend vor- und nachzubereiten. Hiermit haben wir bis jetzt sehr gute Erfahrungen gemacht und positive R\u00fcckmeldungen erhalten.<\/p>\r\n","protected":false},"excerpt":{"rendered":"<p>Bereits seit einigen Jahren pflegen wir eine Kooperation mit dem Theater Regensburg, indem wir unseren Sch\u00fclerinnen und Sch\u00fclern im Unterricht klassische St\u00fccke, aber auch neue moderne Interpretationen des Jungen Theaters n\u00e4herbringen und diese auch anschlie\u00dfend mit ihnen besuchen. Dabei stehen nicht nur die fachlichen Inhalte eines Theaterst\u00fcckes oder einer Oper im Vordergrund, sondern auch der [&hellip;]<\/p>\n","protected":false},"author":2,"featured_media":0,"parent":0,"menu_order":0,"comment_status":"closed","ping_status":"closed","template":"","meta":{"footnotes":""},"class_list":["post-545","page","type-page","status-publish","hentry"],"_links":{"self":[{"href":"https:\/\/willi-ulfig-ms.schulen.regensburg.de\/index.php?rest_route=\/wp\/v2\/pages\/545","targetHints":{"allow":["GET"]}}],"collection":[{"href":"https:\/\/willi-ulfig-ms.schulen.regensburg.de\/index.php?rest_route=\/wp\/v2\/pages"}],"about":[{"href":"https:\/\/willi-ulfig-ms.schulen.regensburg.de\/index.php?rest_route=\/wp\/v2\/types\/page"}],"author":[{"embeddable":true,"href":"https:\/\/willi-ulfig-ms.schulen.regensburg.de\/index.php?rest_route=\/wp\/v2\/users\/2"}],"replies":[{"embeddable":true,"href":"https:\/\/willi-ulfig-ms.schulen.regensburg.de\/index.php?rest_route=%2Fwp%2Fv2%2Fcomments&post=545"}],"version-history":[{"count":11,"href":"https:\/\/willi-ulfig-ms.schulen.regensburg.de\/index.php?rest_route=\/wp\/v2\/pages\/545\/revisions"}],"predecessor-version":[{"id":2329,"href":"https:\/\/willi-ulfig-ms.schulen.regensburg.de\/index.php?rest_route=\/wp\/v2\/pages\/545\/revisions\/2329"}],"wp:attachment":[{"href":"https:\/\/willi-ulfig-ms.schulen.regensburg.de\/index.php?rest_route=%2Fwp%2Fv2%2Fmedia&parent=545"}],"curies":[{"name":"wp","href":"https:\/\/api.w.org\/{rel}","templated":true}]}}